{"id":88,"date":"2023-07-21T16:04:59","date_gmt":"2023-07-21T07:04:59","guid":{"rendered":"https:\/\/www.taitogeibun.net\/riverside\/?page_id=88"},"modified":"2023-07-21T16:47:49","modified_gmt":"2023-07-21T07:47:49","slug":"ex_group_reg","status":"publish","type":"page","link":"https:\/\/www.taitogeibun.net\/riverside\/riyou\/ex_group_reg\/","title":{"rendered":"\u56e3\u4f53\u767b\u9332\u898f\u7d04\u6587\u306e\u4f8b"},"content":{"rendered":"\n<div>\n\t<p class=\"text_center text_b\">\n\t\t<u>\u898f\u7d04\uff08\u4f1a\u5247\uff09\u306e\u4f8b<\/u><br>\n\t\t\u25cb\u25cb\u25cb\u4f1a\u898f\u7d04\n\t<\/p>\n\n\t<ul class=\"ul_ex_group_reg\">\n\t\t<li>\n\t\t\t\u7b2c\uff11\u6761\uff08\u540d\u79f0\u30fb\u9023\u7d61\u5148\uff09<br>\n\t\t\t\u672c\u4f1a\u306f\u25cb\u25cb\u25cb\u4f1a\u3068\u79f0\u3057\u3001\u4e8b\u52d9\u6240\u3092\u4f1a\u9577\u5b85\u306b\u7f6e\u304f\u3002\n\t\t<\/li>\n\t\t<li>\n\t\t\t\u7b2c\uff12\u6761\uff08\u76ee\u7684\uff09<br>\n\t\t\t\u672c\u4f1a\u306f\u3001\u00d7\u00d7\u00d7\u306e\u5b66\u7fd2\u3092\u4e3b\u4f53\u3068\u3057\u3066\u6d3b\u52d5\u3057\u3001\u3042\u308f\u305b\u3066\u4f1a\u54e1\u76f8\u4e92\u306e\u5411\u4e0a\u3068\u89aa\u7766\u3092\u306f\u304b\u308b\u3053\u3068\u3092\u76ee\u7684\u3068\u3059\u308b\u3002 \n\t\t<\/li>\n\t\t<li>\u7b2c\uff13\u6761\uff08\u4e8b\u696d\uff09<br>\n\t\t\t\u672c\u4f1a\u306f\u3001\u524d\u6761\u306e\u76ee\u7684\u3092\u9054\u6210\u3055\u305b\u308b\u305f\u3081\u6b21\u306e\u4e8b\u696d\u3092\u884c\u3046\u3002<br>\n\t\t\t\uff11\uff0e\u6708\u25cb\u56de\u306e\u00d7\u00d7\u00d7\u5b9a\u4f8b\uff08\u7df4\u7fd2\uff09\u4f1a<br>\n\t\t\t\uff12\uff0e\u76ee\u7684\u9054\u6210\u306b\u5fc5\u8981\u3068\u8a8d\u3081\u305f\u4e8b\u696d\u306e\u5b9f\u65bd \n\t\t<\/li>\n\t\t<li>\u7b2c\uff14\u6761\uff08\u4f1a\u54e1\uff09<br>\n\t\t\t\u672c\u4f1a\u306e\u4f1a\u54e1\u306f\u3001\u53f0\u6771\u533a\u306b\u5c45\u4f4f\u307e\u305f\u306f\u52e4\u52d9\u3057\u3001\u672c\u4f1a\u306e\u76ee\u7684\u306b\u8cdb\u540c\u3059\u308b\u6210\u4eba\u3092\u3082\u3063\u3066\u7d44\u7e54\u3059\u308b\u3002\n\t\t<\/li>\n\t\t<li>\u7b2c\uff15\u6761\uff08\u5f79\u54e1\uff09<br>\n\t\t\t\u672c\u4f1a\u306e\u5f79\u54e1\u306f\u6b21\u306e\u901a\u308a\u3068\u3059\u308b\u3002<br>\n\t\t\t\u4f1a\u95771\u540d\u3001\u526f\u4f1a\u9577\u25cb\u540d\u3001\u4f1a\u8a08\u25cb\u540d \n\t\t<\/li>\n\t\t<li>\u7b2c\uff16\u6761\uff08\u5f79\u54e1\u306e\u9078\u51fa\uff09<br>\n\t\t\t\u5f79\u54e1\u306f\u3001\u7dcf\u4f1a\u306b\u304a\u3044\u3066\u9078\u51fa\u3059\u308b\u3002\n\t\t<\/li>\n\t\t<li>\u7b2c\uff17\u6761\uff08\u5f79\u54e1\u306e\u4efb\u671f\uff09<br>\n\t\t\t\u5f79\u54e1\u306e\u4efb\u671f\u306f\u25cb\u5e74\u3068\u3059\u308b\u3002\u305f\u3060\u3057\u3001\u518d\u4efb\u306f\u59a8\u3052\u306a\u3044\u3002\n\t\t<\/li>\n\t\t<li>\u7b2c\uff18\u6761\uff08\u4f1a\u8b70\uff09<br>\n\t\t\t\u672c\u4f1a\u306f\u4e0b\u8a18\u306e\u4f1a\u8b70\u3092\u7f6e\u304f\u3002<br>\n\t\t\t\uff11\uff0e\u7dcf\u4f1a\u3000\uff12\uff0e\u5f79\u54e1\u4f1a \n\t\t<\/li>\n\t\t<li>\u7b2c\uff19\u6761\uff08\u7d4c\u8cbb\uff09<br>\n\t\t\t\u672c\u4f1a\u306e\u7d4c\u8cbb\u306f\u4f1a\u8cbb\u53ca\u3073\u305d\u306e\u4ed6\u306e\u53ce\u5165\u3092\u3082\u3063\u3066\u3042\u3066\u308b\u3002<br>\n\t\t\t\u4f1a\u8cbb\u306f\u6708\u25cb\u767e\u5186\u3068\u3059\u308b\u3002 \n\t\t<\/li>\n\t\t<li>\u7b2c\uff11\uff10\u6761\uff08\u4f1a\u8a08\u5e74\u5ea6\uff09<br>\n\t\t\t\u672c\u4f1a\u306e\u4f1a\u8a08\u5e74\u5ea6\u306f\u3001\u6bce\u5e74\u25cb\u6708\u25cb\u65e5\u3088\u308a\u59cb\u307e\u308a\u25cb\u6708\u25cb\u65e5\u306b\u7d42\u308f\u308b\u3002\n\t\t<\/li>\n\t\t<li>\u7b2c\uff11\uff11\u6761\uff08\u898f\u7d04\u306e\u767a\u52b9\uff09<br>\n\t\t\t\u672c\u5951\u7d04\u306f\u5e73\u6210\u25cb\u25cb\u5e74\u25cb\u6708\u25cb\u65e5\u3088\u308a\u767a\u52b9\u3059\u308b\u3002\n\t\t<\/li>\n\t<\/ul>\n\n<\/div>\n","protected":false},"excerpt":{"rendered":"\u898f\u7d04\uff08\u4f1a\u5247\uff09\u306e\u4f8b \u25cb\u25cb\u25cb\u4f1a\u898f\u7d04 \u7b2c\uff11\u6761\uff08\u540d\u79f0\u30fb\u9023\u7d61\u5148\uff09 \u672c\u4f1a\u306f\u25cb\u25cb\u25cb\u4f1a\u3068\u79f0\u3057\u3001\u4e8b\u52d9\u6240\u3092\u4f1a\u9577\u5b85\u306b\u7f6e\u304f\u3002 \u7b2c\uff12\u6761\uff08\u76ee\u7684\uff09 \u672c\u4f1a\u306f\u3001\u00d7\u00d7\u00d7\u306e\u5b66\u7fd2\u3092\u4e3b\u4f53\u3068\u3057\u3066\u6d3b\u52d5\u3057\u3001\u3042\u308f\u305b\u3066\u4f1a\u54e1\u76f8\u4e92\u306e\u5411\u4e0a\u3068\u89aa\u7766\u3092\u306f\u304b\u308b\u3053\u3068\u3092\u76ee\u7684\u3068\u3059\u308b\u3002 \u7b2c\uff13\u6761<a href=\"https:\/\/www.taitogeibun.net\/riverside\/riyou\/ex_group_reg\/\">\u7d9a\u304d\u3092\u8aad\u3080<\/a>","protected":false},"author":1,"featured_media":0,"parent":87,"menu_order":0,"comment_status":"closed","ping_status":"closed","template":"","meta":{"footnotes":""},"aioseo_notices":[],"jetpack_sharing_enabled":true,"_links":{"self":[{"href":"https:\/\/www.taitogeibun.net\/riverside\/wp-json\/wp\/v2\/pages\/88"}],"collection":[{"href":"https:\/\/www.taitogeibun.net\/riverside\/wp-json\/wp\/v2\/pages"}],"about":[{"href":"https:\/\/www.taitogeibun.net\/riverside\/wp-json\/wp\/v2\/types\/page"}],"author":[{"embeddable":true,"href":"https:\/\/www.taitogeibun.net\/riverside\/wp-json\/wp\/v2\/users\/1"}],"replies":[{"embeddable":true,"href":"https:\/\/www.taitogeibun.net\/riverside\/wp-json\/wp\/v2\/comments?post=88"}],"version-history":[{"count":5,"href":"https:\/\/www.taitogeibun.net\/riverside\/wp-json\/wp\/v2\/pages\/88\/revisions"}],"predecessor-version":[{"id":99,"href":"https:\/\/www.taitogeibun.net\/riverside\/wp-json\/wp\/v2\/pages\/88\/revisions\/99"}],"up":[{"embeddable":true,"href":"https:\/\/www.taitogeibun.net\/riverside\/wp-json\/wp\/v2\/pages\/87"}],"wp:attachment":[{"href":"https:\/\/www.taitogeibun.net\/riverside\/wp-json\/wp\/v2\/media?parent=88"}],"curies":[{"name":"wp","href":"https:\/\/api.w.org\/{rel}","templated":true}]}}